{"id":100596,"date":"2025-11-21T15:11:28","date_gmt":"2025-11-21T14:11:28","guid":{"rendered":"https:\/\/www.nau.gov.cz\/?page_id=100596"},"modified":"2026-02-02T21:07:10","modified_gmt":"2026-02-02T20:07:10","slug":"o-nas-2","status":"publish","type":"page","link":"https:\/\/www.nau.gov.cz\/o-nas-2\/","title":{"rendered":"O n\u00e1s"},"content":{"rendered":"<section class=\"bde-section-100596-100 bde-section\">\n  \n  \n\t\n\n\n\n<div class=\"section-container\"><div class=\"bde-rich-text-100596-113 bde-rich-text breakdance-rich-text-styles\">\n<p><strong>O n\u00e1s<\/strong><\/p>\n<p>\u00a0<\/p>\n<p>N\u00e1rodn\u00ed akredita\u010dn\u00ed \u00fa\u0159ad pro terci\u00e1rn\u00ed vzd\u011bl\u00e1v\u00e1n\u00ed (NA\u00da) je nez\u00e1visl\u00fd spr\u00e1vn\u00ed org\u00e1n z\u0159\u00edzen\u00fd z\u00e1konem \u010d. 111\/1998 Sb., o vysok\u00fdch \u0161kol\u00e1ch, ve zn\u011bn\u00ed pozd\u011bj\u0161\u00edch p\u0159edpis\u016f. P\u016fsob\u00ed v\u00a0oblasti zaji\u0161\u0165ov\u00e1n\u00ed kvality vysoko\u0161kolsk\u00e9ho vzd\u011bl\u00e1v\u00e1n\u00ed, kter\u00e1 m\u00e1 v\u00a0\u010cesk\u00e9 republice dlouhou tradici. Ji\u017e od roku 1990 vykon\u00e1vala obdobn\u00e9 funkce v oblasti akreditace a hodnocen\u00ed kvality vysok\u00fdch \u0161kol Akredita\u010dn\u00ed komise.<\/p>\n<p>\u00a0<\/p>\n<p>Na z\u00e1klad\u011b novely z\u00e1kona o vysok\u00fdch \u0161kol\u00e1ch proveden\u00e9 z\u00e1konem \u010d. 52\/2025 Sb. do\u0161lo <br \/>k roz\u0161\u00ed\u0159en\u00ed p\u016fsobnosti \u00fa\u0159adu na oblast vy\u0161\u0161\u00edho odborn\u00e9ho vzd\u011bl\u00e1v\u00e1n\u00ed a k\u00a0jeho transformaci na pr\u00e1vnickou osobu z\u0159\u00edzenou podle ve\u0159ejn\u00e9ho pr\u00e1va s \u00fa\u010dinnost\u00ed od 1. \u010dervence 2025. <br \/>P\u016fsobnost \u00fa\u0159adu tak zahrnuje jak vysok\u00e9 \u0161koly, tak vy\u0161\u0161\u00ed odborn\u00e9 \u0161koly.<\/p>\n<p>\u00a0<\/p>\n<p>Hlavn\u00edm posl\u00e1n\u00edm NA\u00da je zaji\u0161\u0165ovat kvalitu terci\u00e1rn\u00edho vzd\u011bl\u00e1v\u00e1n\u00ed v \u010cesk\u00e9 republice prost\u0159ednictv\u00edm akredita\u010dn\u00ed \u010dinnosti, vn\u011bj\u0161\u00edho hodnocen\u00ed vzd\u011bl\u00e1vac\u00edch a tv\u016fr\u010d\u00edch \u010dinnost\u00ed <br \/>a kontroly dodr\u017eov\u00e1n\u00ed pr\u00e1vn\u00edch p\u0159edpis\u016f v oblasti akreditovan\u00fdch \u010dinnost\u00ed.<\/p>\n<p>\u00a0<\/p>\n<p>\u010cinnost NA\u00da se op\u00edr\u00e1 o principy nez\u00e1vislosti, objektivity a transparentnosti. \u00da\u0159ad postupuje <br \/>v souladu se z\u00e1konem o vysok\u00fdch \u0161kol\u00e1ch, \u0161kolsk\u00fdm z\u00e1konem, spr\u00e1vn\u00edm \u0159\u00e1dem a standardy a metodikami pro zabezpe\u010dov\u00e1n\u00ed kvality v Evropsk\u00e9m prostoru vysoko\u0161kolsk\u00e9ho vzd\u011bl\u00e1v\u00e1n\u00ed (ESG). Standardy uplat\u0148ovan\u00e9 v akredita\u010dn\u00edch \u0159\u00edzen\u00edch odpov\u00eddaj\u00ed evropsk\u00fdm princip\u016fm pro zaji\u0161\u0165ov\u00e1n\u00ed kvality.<\/p>\n<p>\u00a0<\/p>\n<p>\u00a0<\/p>\n<p>V r\u00e1mci sv\u00e9 p\u016fsobnosti NA\u00da rozhoduje o institucion\u00e1ln\u00edch akreditac\u00edch, akreditac\u00edch studijn\u00edch program\u016f, akreditac\u00edch obor\u016f pro habilita\u010dn\u00ed \u0159\u00edzen\u00ed a \u0159\u00edzen\u00ed ke jmenov\u00e1n\u00ed profesorem pro vysok\u00e9 \u0161koly a akreditac\u00edch vzd\u011bl\u00e1vac\u00edch program\u016f pro vy\u0161\u0161\u00ed odborn\u00e9 \u0161koly. NA\u00da d\u00e1le prov\u00e1d\u00ed vn\u011bj\u0161\u00ed hodnocen\u00ed vzd\u011bl\u00e1vac\u00edch, tv\u016fr\u010d\u00edch a souvisej\u00edc\u00edch \u010dinnost\u00ed vysok\u00fdch \u0161kol a vzd\u011bl\u00e1vac\u00ed \u010dinnosti vy\u0161\u0161\u00edch odborn\u00fdch \u0161kol, zve\u0159ej\u0148uje v\u00fdsledky t\u011bchto hodnocen\u00ed a prov\u00e1d\u00ed kontroly dodr\u017eov\u00e1n\u00ed pr\u00e1vn\u00edch p\u0159edpis\u016f.<\/p>\n<p>\u00a0<\/p>\n<p>NA\u00da rovn\u011b\u017e vyd\u00e1v\u00e1 stanoviska ministerstvu \u0161kolstv\u00ed, ml\u00e1de\u017ee a t\u011blov\u00fdchovy k ud\u011blen\u00ed st\u00e1tn\u00edho souhlasu pro soukrom\u00e9 vysok\u00e9 \u0161koly a k\u00a0ud\u011blen\u00ed povolen\u00ed pro zahrani\u010dn\u00ed vysok\u00e9 \u0161koly p\u016fsob\u00edc\u00ed na \u00fazem\u00ed \u010cesk\u00e9 republiky.<\/p>\n<p>\u00a0<\/p>\n<p>Sou\u010d\u00e1st\u00ed \u010dinnosti NA\u00da je poskytov\u00e1n\u00ed metodick\u00e9 podpory instituc\u00edm terci\u00e1rn\u00edho vzd\u011bl\u00e1v\u00e1n\u00ed p\u0159i rozvoji syst\u00e9m\u016f vnit\u0159n\u00edho zaji\u0161\u0165ov\u00e1n\u00ed kvality vzd\u011bl\u00e1vac\u00ed a tv\u016fr\u010d\u00ed \u010dinnosti. T\u00edmto zp\u016fsobem \u00fa\u0159ad p\u0159isp\u00edv\u00e1 k rozvoji kvality terci\u00e1rn\u00edho vzd\u011bl\u00e1v\u00e1n\u00ed a k souladu postup\u016f <br \/>s mezin\u00e1rodn\u00edmi standardy a aktu\u00e1ln\u00edmi trendy v oblasti vzd\u011bl\u00e1v\u00e1n\u00ed.<\/p>\n<p>\u00a0<\/p>\n<p>S\u00eddlo \u00fa\u0159adu se nach\u00e1z\u00ed v Praze.<\/p>\n<p>\u00a0<\/p>\n<p><strong>P\u016fsobnost NA\u00da<\/strong><\/p>\n<p>\u00a0<\/p>\n<p>Akreditace vzd\u011bl\u00e1vac\u00edch program\u016f vy\u0161\u0161\u00edch odborn\u00fdch \u0161kol<br \/>NA\u00da posuzuje a rozhoduje o \u017e\u00e1dostech o ud\u011blen\u00ed, prodlou\u017een\u00ed akreditace nebo akreditace zm\u011bny vzd\u011bl\u00e1vac\u00edch program\u016f vy\u0161\u0161\u00edch odborn\u00fdch \u0161kol v souladu s pr\u00e1vn\u00edmi p\u0159edpisy.<\/p>\n<p>\u00a0<\/p>\n<p>Akreditace studijn\u00edch program\u016f vysok\u00fdch \u0161kol<br \/>NA\u00da posuzuje a rozhoduje o \u017e\u00e1dostech o akreditaci nov\u00fdch i st\u00e1vaj\u00edc\u00edch studijn\u00edch program\u016f vysok\u00fdch \u0161kol a ov\u011b\u0159uje jejich soulad s po\u017eadavky stanoven\u00fdmi pr\u00e1vn\u00edmi p\u0159edpisy.<\/p>\n<p>\u00a0<\/p>\n<p>Institucion\u00e1ln\u00ed akreditace<br \/>NA\u00da rozhoduje o \u017e\u00e1dostech o ud\u011blen\u00ed institucion\u00e1ln\u00ed akreditace v jednotliv\u00fdch oblastech vzd\u011bl\u00e1v\u00e1n\u00ed, kter\u00e1 vysok\u00fdm \u0161kol\u00e1m umo\u017e\u0148uje samostatn\u011b rozhodovat o akreditaci studijn\u00edch program\u016f v dan\u00e9 oblasti.<\/p>\n<p>\u00a0<\/p>\n<p>Akreditace obor\u016f habilita\u010dn\u00edho \u0159\u00edzen\u00ed a \u0159\u00edzen\u00ed ke jmenov\u00e1n\u00ed profesorem<br \/>NA\u00da posuzuje a rozhoduje o \u017e\u00e1dostech vysok\u00fdch \u0161kol o akreditaci obor\u016f pro habilita\u010dn\u00ed \u0159\u00edzen\u00ed a \u0159\u00edzen\u00ed ke jmenov\u00e1n\u00ed profesorem.<\/p>\n<p>\u00a0<\/p>\n<p>Vn\u011bj\u0161\u00ed hodnocen\u00ed<br \/>NA\u00da prov\u00e1d\u00ed vn\u011bj\u0161\u00ed hodnocen\u00ed vzd\u011bl\u00e1vac\u00ed \u010dinnosti vy\u0161\u0161\u00edch odborn\u00fdch \u0161kol a vn\u011bj\u0161\u00ed hodnocen\u00ed vzd\u011bl\u00e1vac\u00ed, v\u011bdeck\u00e9, v\u00fdzkumn\u00e9, v\u00fdvojov\u00e9, inova\u010dn\u00ed, um\u011bleck\u00e9 a dal\u0161\u00edch tv\u016fr\u010d\u00edch \u010dinnost\u00ed vysok\u00fdch \u0161kol a s nimi souvisej\u00edc\u00edch \u010dinnost\u00ed a zve\u0159ej\u0148uje v\u00fdsledky t\u011bchto hodnocen\u00ed.<\/p>\n<p>\u00a0<\/p>\n<p>Kontroln\u00ed \u010dinnost<br \/>NA\u00da prov\u00e1d\u00ed kontroly dodr\u017eov\u00e1n\u00ed pr\u00e1vn\u00edch p\u0159edpis\u016f p\u0159i uskute\u010d\u0148ov\u00e1n\u00ed akreditovan\u00fdch \u010dinnost\u00ed na vy\u0161\u0161\u00edch odborn\u00fdch \u0161kol\u00e1ch a vysok\u00fdch \u0161kol\u00e1ch.<\/p>\n<p>\u00a0<\/p>\n<p>Metodick\u00e1 podpora<br \/>NA\u00da poskytuje metodickou podporu instituc\u00edm terci\u00e1rn\u00edho vzd\u011bl\u00e1v\u00e1n\u00ed v oblasti syst\u00e9m\u016f vnit\u0159n\u00edho zaji\u0161\u0165ov\u00e1n\u00ed kvality.<\/p>\n<p>\u00a0<\/p>\n<p><strong>Org\u00e1ny NA\u00da<\/strong><\/p>\n<p>\u00a0<\/p>\n<p>Rada NA\u00da<br \/>Rada je kolektivn\u00edm org\u00e1nem, jeho\u017e \u010dleny jmenuje vl\u00e1da. Rada rozhoduje o akreditac\u00edch v r\u00e1mci spr\u00e1vn\u00edch \u0159\u00edzen\u00ed a vyd\u00e1v\u00e1 zpr\u00e1vy o vn\u011bj\u0161\u00edm hodnocen\u00ed. D\u00e1le vyd\u00e1v\u00e1 stanoviska v\u00a0r\u00e1mci spr\u00e1vn\u00edch \u0159\u00edzen\u00ed veden\u00fdch ministerstvem \u0161kolstv\u00ed, ml\u00e1de\u017ee a t\u011blov\u00fdchovy.<\/p>\n<p>\u00a0<\/p>\n<p>P\u0159ezkumn\u00e1 komise NA\u00da<br \/>P\u0159ezkumn\u00e1 komise rozhoduje o odvol\u00e1n\u00edch proti rozhodnut\u00edm Rady ve spr\u00e1vn\u00edch \u0159\u00edzen\u00edch <br \/>v p\u0159\u00edpadech stanoven\u00fdch z\u00e1konem. \u010cleny p\u0159ezkumn\u00e9 komise jmenuje vl\u00e1da z osob s vysoko\u0161kolsk\u00fdm pr\u00e1vnick\u00fdm vzd\u011bl\u00e1n\u00edm.<\/p>\n<p>\u00a0<\/p>\n<p>Akredita\u010dn\u00ed komise pro vy\u0161\u0161\u00ed odborn\u00e9 vzd\u011bl\u00e1v\u00e1n\u00ed<br \/>Akredita\u010dn\u00ed komise pro vy\u0161\u0161\u00ed odborn\u00e9 vzd\u011bl\u00e1v\u00e1n\u00ed je odborn\u00fdm poradn\u00edm org\u00e1nem, kter\u00fd se pod\u00edl\u00ed na posuzov\u00e1n\u00ed \u017e\u00e1dost\u00ed o akreditaci vzd\u011bl\u00e1vac\u00edch program\u016f vy\u0161\u0161\u00edch odborn\u00fdch \u0161kol. P\u0159ipravuje podklady a stanoviska pro rozhodov\u00e1n\u00ed Rady NA\u00da ve v\u011bcech vy\u0161\u0161\u00edho odborn\u00e9ho vzd\u011bl\u00e1v\u00e1n\u00ed. Jej\u00ed slo\u017een\u00ed, p\u016fsobnost a \u010dinnost jsou upraveny pr\u00e1vn\u00edmi p\u0159edpisy a vnit\u0159n\u00edmi p\u0159edpisy NA\u00da.<\/p>\n<p>\u00a0<\/p>\n<p>Hodnotic\u00ed komise a Seznam hodnotitel\u016f<br \/>Hodnotic\u00ed komise jsou poradn\u00edmi org\u00e1ny Rady. P\u0159ipravuj\u00ed odborn\u00e9 podklady pro spr\u00e1vn\u00ed \u0159\u00edzen\u00ed o akreditaci, vn\u011bj\u0161\u00edm hodnocen\u00edm a k\u00a0\u0159\u00edzen\u00edm veden\u00fdm ministerstvem \u0161kolstv\u00ed, ml\u00e1de\u017ee a t\u011blov\u00fdchovy. \u010clenov\u00e9 hodnotic\u00edch komis\u00ed jsou vyb\u00edr\u00e1ni z odborn\u00edk\u016f uveden\u00fdch v Seznamu hodnotitel\u016f. Ustanoven\u00ed, slo\u017een\u00ed a \u010dinnost komis\u00ed jsou upraveny vnit\u0159n\u00edmi p\u0159edpisy NA\u00da.<\/p>\n<p>\u00a0<\/p>\n<p>Kancel\u00e1\u0159 NA\u00da<br \/>Kancel\u00e1\u0159 NA\u00da zaji\u0161\u0165uje administrativn\u00ed, organiza\u010dn\u00ed a odbornou podporu \u010dinnosti \u00fa\u0159adu. Pod\u00edl\u00ed se na p\u0159\u00edprav\u011b podklad\u016f pro rozhodov\u00e1n\u00ed Rady, koordinuje \u010dinnost poradn\u00edch org\u00e1n\u016f \u00fa\u0159adu a zaji\u0161\u0165uje komunikaci s institucemi terci\u00e1rn\u00edho vzd\u011bl\u00e1v\u00e1n\u00ed a ve\u0159ejnost\u00ed.<\/p>\n<\/div><\/div>\n<\/section>","protected":false},"excerpt":{"rendered":"<p>O n\u00e1s \u00a0 N\u00e1rodn\u00ed akredita\u010dn\u00ed \u00fa\u0159ad pro terci\u00e1rn\u00ed vzd\u011bl\u00e1v\u00e1n\u00ed (NA\u00da) je nez\u00e1visl\u00fd spr\u00e1vn\u00ed org\u00e1n z\u0159\u00edzen\u00fd z\u00e1konem \u010d. 111\/1998 Sb., o vysok\u00fdch \u0161kol\u00e1ch, ve zn\u011bn\u00ed pozd\u011bj\u0161\u00edch p\u0159edpis\u016f. P\u016fsob\u00ed v\u00a0oblasti zaji\u0161\u0165ov\u00e1n\u00ed kvality vysoko\u0161kolsk\u00e9ho vzd\u011bl\u00e1v\u00e1n\u00ed, kter\u00e1 m\u00e1 v\u00a0\u010cesk\u00e9 republice dlouhou tradici. Ji\u017e od roku 1990 vykon\u00e1vala obdobn\u00e9 funkce v oblasti akreditace a hodnocen\u00ed kvality vysok\u00fdch \u0161kol Akredita\u010dn\u00ed komise. [&hellip;]<\/p>\n","protected":false},"author":1,"featured_media":0,"parent":0,"menu_order":0,"comment_status":"closed","ping_status":"closed","template":"","meta":{"_acf_changed":false,"_breakdance_hide_in_design_set":false,"_breakdance_tags":"","footnotes":""},"class_list":["post-100596","page","type-page","status-publish","hentry"],"acf":[],"yoast_head":"<!-- This site is optimized with the Yoast SEO plugin v26.3 - https:\/\/yoast.com\/wordpress\/plugins\/seo\/ -->\n<title>O n\u00e1s - N\u00e1rodn\u00ed akredita\u010dn\u00ed \u00fa\u0159ad<\/title>\n<meta name=\"robots\" content=\"index, follow, max-snippet:-1, max-image-preview:large, max-video-preview:-1\" \/>\n<link rel=\"canonical\" href=\"https:\/\/www.nau.gov.cz\/o-nas-2\/\" \/>\n<meta property=\"og:locale\" content=\"cs_CZ\" \/>\n<meta property=\"og:type\" content=\"article\" \/>\n<meta property=\"og:title\" content=\"O n\u00e1s - N\u00e1rodn\u00ed akredita\u010dn\u00ed \u00fa\u0159ad\" \/>\n<meta property=\"og:description\" content=\"O n\u00e1s \u00a0 N\u00e1rodn\u00ed akredita\u010dn\u00ed \u00fa\u0159ad pro terci\u00e1rn\u00ed vzd\u011bl\u00e1v\u00e1n\u00ed (NA\u00da) je nez\u00e1visl\u00fd spr\u00e1vn\u00ed org\u00e1n z\u0159\u00edzen\u00fd z\u00e1konem \u010d. 111\/1998 Sb., o vysok\u00fdch \u0161kol\u00e1ch, ve zn\u011bn\u00ed pozd\u011bj\u0161\u00edch p\u0159edpis\u016f. P\u016fsob\u00ed v\u00a0oblasti zaji\u0161\u0165ov\u00e1n\u00ed kvality vysoko\u0161kolsk\u00e9ho vzd\u011bl\u00e1v\u00e1n\u00ed, kter\u00e1 m\u00e1 v\u00a0\u010cesk\u00e9 republice dlouhou tradici. Ji\u017e od roku 1990 vykon\u00e1vala obdobn\u00e9 funkce v oblasti akreditace a hodnocen\u00ed kvality vysok\u00fdch \u0161kol Akredita\u010dn\u00ed komise. [&hellip;]\" \/>\n<meta property=\"og:url\" content=\"https:\/\/www.nau.gov.cz\/o-nas-2\/\" \/>\n<meta property=\"og:site_name\" content=\"N\u00e1rodn\u00ed akredita\u010dn\u00ed \u00fa\u0159ad\" \/>\n<meta property=\"article:modified_time\" content=\"2026-02-02T20:07:10+00:00\" \/>\n<meta name=\"twitter:card\" content=\"summary_large_image\" \/>\n<meta name=\"twitter:label1\" content=\"Odhadovan\u00e1 doba \u010dten\u00ed\" \/>\n\t<meta name=\"twitter:data1\" content=\"4 minuty\" \/>\n<script type=\"application\/ld+json\" class=\"yoast-schema-graph\">{\"@context\":\"https:\/\/schema.org\",\"@graph\":[{\"@type\":\"WebPage\",\"@id\":\"https:\/\/www.nau.gov.cz\/o-nas-2\/\",\"url\":\"https:\/\/www.nau.gov.cz\/o-nas-2\/\",\"name\":\"O n\u00e1s - N\u00e1rodn\u00ed akredita\u010dn\u00ed \u00fa\u0159ad\",\"isPartOf\":{\"@id\":\"https:\/\/www.nau.gov.cz\/#website\"},\"datePublished\":\"2025-11-21T14:11:28+00:00\",\"dateModified\":\"2026-02-02T20:07:10+00:00\",\"breadcrumb\":{\"@id\":\"https:\/\/www.nau.gov.cz\/o-nas-2\/#breadcrumb\"},\"inLanguage\":\"cs\",\"potentialAction\":[{\"@type\":\"ReadAction\",\"target\":[\"https:\/\/www.nau.gov.cz\/o-nas-2\/\"]}]},{\"@type\":\"BreadcrumbList\",\"@id\":\"https:\/\/www.nau.gov.cz\/o-nas-2\/#breadcrumb\",\"itemListElement\":[{\"@type\":\"ListItem\",\"position\":1,\"name\":\"Dom\u016f\",\"item\":\"https:\/\/www.nau.gov.cz\/\"},{\"@type\":\"ListItem\",\"position\":2,\"name\":\"O n\u00e1s\"}]},{\"@type\":\"WebSite\",\"@id\":\"https:\/\/www.nau.gov.cz\/#website\",\"url\":\"https:\/\/www.nau.gov.cz\/\",\"name\":\"N\u00e1rodn\u00ed akredita\u010dn\u00ed \u00fa\u0159ad\",\"description\":\"N\u00e1rodn\u00ed akredita\u010dn\u00ed \u00fa\u0159ad pro vysok\u00e9 \u0161kolstv\u00ed\",\"potentialAction\":[{\"@type\":\"SearchAction\",\"target\":{\"@type\":\"EntryPoint\",\"urlTemplate\":\"https:\/\/www.nau.gov.cz\/?s={search_term_string}\"},\"query-input\":{\"@type\":\"PropertyValueSpecification\",\"valueRequired\":true,\"valueName\":\"search_term_string\"}}],\"inLanguage\":\"cs\"}]}<\/script>\n<!-- \/ Yoast SEO plugin. -->","yoast_head_json":{"title":"O n\u00e1s - N\u00e1rodn\u00ed akredita\u010dn\u00ed \u00fa\u0159ad","robots":{"index":"index","follow":"follow","max-snippet":"max-snippet:-1","max-image-preview":"max-image-preview:large","max-video-preview":"max-video-preview:-1"},"canonical":"https:\/\/www.nau.gov.cz\/o-nas-2\/","og_locale":"cs_CZ","og_type":"article","og_title":"O n\u00e1s - N\u00e1rodn\u00ed akredita\u010dn\u00ed \u00fa\u0159ad","og_description":"O n\u00e1s \u00a0 N\u00e1rodn\u00ed akredita\u010dn\u00ed \u00fa\u0159ad pro terci\u00e1rn\u00ed vzd\u011bl\u00e1v\u00e1n\u00ed (NA\u00da) je nez\u00e1visl\u00fd spr\u00e1vn\u00ed org\u00e1n z\u0159\u00edzen\u00fd z\u00e1konem \u010d. 111\/1998 Sb., o vysok\u00fdch \u0161kol\u00e1ch, ve zn\u011bn\u00ed pozd\u011bj\u0161\u00edch p\u0159edpis\u016f. P\u016fsob\u00ed v\u00a0oblasti zaji\u0161\u0165ov\u00e1n\u00ed kvality vysoko\u0161kolsk\u00e9ho vzd\u011bl\u00e1v\u00e1n\u00ed, kter\u00e1 m\u00e1 v\u00a0\u010cesk\u00e9 republice dlouhou tradici. Ji\u017e od roku 1990 vykon\u00e1vala obdobn\u00e9 funkce v oblasti akreditace a hodnocen\u00ed kvality vysok\u00fdch \u0161kol Akredita\u010dn\u00ed komise. [&hellip;]","og_url":"https:\/\/www.nau.gov.cz\/o-nas-2\/","og_site_name":"N\u00e1rodn\u00ed akredita\u010dn\u00ed \u00fa\u0159ad","article_modified_time":"2026-02-02T20:07:10+00:00","twitter_card":"summary_large_image","twitter_misc":{"Odhadovan\u00e1 doba \u010dten\u00ed":"4 minuty"},"schema":{"@context":"https:\/\/schema.org","@graph":[{"@type":"WebPage","@id":"https:\/\/www.nau.gov.cz\/o-nas-2\/","url":"https:\/\/www.nau.gov.cz\/o-nas-2\/","name":"O n\u00e1s - N\u00e1rodn\u00ed akredita\u010dn\u00ed \u00fa\u0159ad","isPartOf":{"@id":"https:\/\/www.nau.gov.cz\/#website"},"datePublished":"2025-11-21T14:11:28+00:00","dateModified":"2026-02-02T20:07:10+00:00","breadcrumb":{"@id":"https:\/\/www.nau.gov.cz\/o-nas-2\/#breadcrumb"},"inLanguage":"cs","potentialAction":[{"@type":"ReadAction","target":["https:\/\/www.nau.gov.cz\/o-nas-2\/"]}]},{"@type":"BreadcrumbList","@id":"https:\/\/www.nau.gov.cz\/o-nas-2\/#breadcrumb","itemListElement":[{"@type":"ListItem","position":1,"name":"Dom\u016f","item":"https:\/\/www.nau.gov.cz\/"},{"@type":"ListItem","position":2,"name":"O n\u00e1s"}]},{"@type":"WebSite","@id":"https:\/\/www.nau.gov.cz\/#website","url":"https:\/\/www.nau.gov.cz\/","name":"N\u00e1rodn\u00ed akredita\u010dn\u00ed \u00fa\u0159ad","description":"N\u00e1rodn\u00ed akredita\u010dn\u00ed \u00fa\u0159ad pro vysok\u00e9 \u0161kolstv\u00ed","potentialAction":[{"@type":"SearchAction","target":{"@type":"EntryPoint","urlTemplate":"https:\/\/www.nau.gov.cz\/?s={search_term_string}"},"query-input":{"@type":"PropertyValueSpecification","valueRequired":true,"valueName":"search_term_string"}}],"inLanguage":"cs"}]}},"_links":{"self":[{"href":"https:\/\/www.nau.gov.cz\/wp-json\/wp\/v2\/pages\/100596","targetHints":{"allow":["GET"]}}],"collection":[{"href":"https:\/\/www.nau.gov.cz\/wp-json\/wp\/v2\/pages"}],"about":[{"href":"https:\/\/www.nau.gov.cz\/wp-json\/wp\/v2\/types\/page"}],"author":[{"embeddable":true,"href":"https:\/\/www.nau.gov.cz\/wp-json\/wp\/v2\/users\/1"}],"replies":[{"embeddable":true,"href":"https:\/\/www.nau.gov.cz\/wp-json\/wp\/v2\/comments?post=100596"}],"version-history":[{"count":22,"href":"https:\/\/www.nau.gov.cz\/wp-json\/wp\/v2\/pages\/100596\/revisions"}],"predecessor-version":[{"id":101762,"href":"https:\/\/www.nau.gov.cz\/wp-json\/wp\/v2\/pages\/100596\/revisions\/101762"}],"wp:attachment":[{"href":"https:\/\/www.nau.gov.cz\/wp-json\/wp\/v2\/media?parent=100596"}],"curies":[{"name":"wp","href":"https:\/\/api.w.org\/{rel}","templated":true}]}}