{"id":100729,"date":"2025-11-23T18:37:45","date_gmt":"2025-11-23T17:37:45","guid":{"rendered":"https:\/\/www.nau.gov.cz\/?page_id=100729"},"modified":"2025-11-27T18:07:55","modified_gmt":"2025-11-27T17:07:55","slug":"organizacni-struktura","status":"publish","type":"page","link":"https:\/\/www.nau.gov.cz\/organizacni-struktura\/","title":{"rendered":"Organiza\u010dn\u00ed struktura"},"content":{"rendered":"<section class=\"bde-section-100729-100 bde-section\">\n  \n  \n\t\n\n\n\n<div class=\"section-container\"><div class=\"bde-div-100729-102 bde-div\">\n  \n  \n\t\n\n\n\n<div class=\"bde-rich-text-100729-103 bde-rich-text breakdance-rich-text-styles\">\n<h3><strong>Org\u00e1ny NA\u00da:<\/strong><\/h3>\n<ul>\n<li><strong>Rada NA\u00da:<\/strong> Rada N\u00e1rodn\u00edho akredita\u010dn\u00edho \u00fa\u0159adu (NA\u00da) je v\u00fdkonn\u00fd org\u00e1n slo\u017een\u00fd z 15 \u010dlen\u016f jmenovan\u00fdch vl\u00e1dou. Tito \u010dlenov\u00e9 jsou nez\u00e1visl\u00ed odborn\u00edci z oblasti vysok\u00e9ho \u0161kolstv\u00ed a dal\u0161\u00edch relevantn\u00edch sektor\u016f. Prost\u0159ednictv\u00edm Rady NA\u00da posuzuje a rozhoduje o ud\u011blov\u00e1n\u00ed a odeb\u00edr\u00e1n\u00ed akreditac\u00ed, vyd\u00e1v\u00e1 stanoviska a stanovuje postupy pro hodnocen\u00ed kvality vysok\u00fdch \u0161kol a studijn\u00edch program\u016f.<\/li>\n<\/ul>\n<p>\u00a0<\/p>\n<ul>\n<li><strong>P\u0159ezkumn\u00e1 komise NA\u00da:<\/strong>\u00a0P\u0159ezkumn\u00e1 komise NA\u00da je p\u011bti\u010dlenn\u00fd org\u00e1n, kter\u00fd rozhoduje o odvol\u00e1n\u00edch proti rozhodnut\u00ed Rady ve spr\u00e1vn\u00edch \u0159\u00edzen\u00edch (tj. \u0159\u00edzen\u00edch t\u00fdkaj\u00edc\u00edch se akreditac\u00ed) v p\u0159\u00edpadech stanoven\u00fdch z\u00e1konem. \u010clenov\u00e9 jsou jmenov\u00e1ni vl\u00e1dou z osob s pr\u00e1vnick\u00fdm vysoko\u0161kolsk\u00fdm vzd\u011bl\u00e1n\u00edm.<\/li>\n<\/ul>\n<p>\u00a0<\/p>\n<ul>\n<li><strong>Hodnotic\u00ed komise a Seznam hodnotitel\u016f:<\/strong>\u00a0Hodnotic\u00ed komise a Seznam hodnotitel\u016f jsou poradn\u00ed org\u00e1ny Rady N\u00e1rodn\u00edho akredita\u010dn\u00edho \u00fa\u0159adu (NA\u00da), kter\u00e9 ustanovuje p\u0159edseda NA\u00da. Jejich \u00fakolem je p\u0159ipravovat podklady a stanoviska k jednotliv\u00fdm spr\u00e1vn\u00edm \u0159\u00edzen\u00edm, zpr\u00e1vy o vn\u011bj\u0161\u00edm hodnocen\u00ed vysok\u00fdch \u0161kol, stanoviska k \u017e\u00e1dostem o ud\u011blen\u00ed st\u00e1tn\u00edho souhlasu pro soukrom\u00e9 vysok\u00e9 \u0161koly, k typu vysok\u00e9 \u0161koly a k ud\u011blov\u00e1n\u00ed povolen\u00ed mimoevropsk\u00fdm zahrani\u010dn\u00edm vysok\u00fdm \u0161kol\u00e1m nebo jejich pobo\u010dk\u00e1m. \u010clenov\u00e9 hodnotic\u00edch komis\u00ed jsou vyb\u00edr\u00e1ni z odborn\u00edk\u016f uveden\u00fdch v Seznamu hodnotitel\u016f. Ustanoven\u00ed komis\u00ed, jejich po\u010det, slo\u017een\u00ed a \u010dinnost jsou upraveny Statutem NA\u00da.<\/li>\n<\/ul>\n<p>\u00a0<\/p>\n<ul>\n<li><strong>Kancel\u00e1\u0159 NA\u00da:<\/strong>\u00a0Kancel\u00e1\u0159 NA\u00da zaji\u0161\u0165uje administrativn\u00ed a organiza\u010dn\u00ed podporu pro \u010dinnost NA\u00da, v\u010detn\u011b p\u0159\u00edpravy podklad\u016f pro rozhodov\u00e1n\u00ed Rady, koordinace \u010dinnosti hodnotic\u00edch komis\u00ed a komunikace s vysok\u00fdmi \u0161kolami a ve\u0159ejnost\u00ed.<\/li>\n<\/ul>\n<\/div>\n<\/div><\/div>\n<\/section>","protected":false},"excerpt":{"rendered":"<p>Org\u00e1ny NA\u00da: Rada NA\u00da: Rada N\u00e1rodn\u00edho akredita\u010dn\u00edho \u00fa\u0159adu (NA\u00da) je v\u00fdkonn\u00fd org\u00e1n slo\u017een\u00fd z 15 \u010dlen\u016f jmenovan\u00fdch vl\u00e1dou. Tito \u010dlenov\u00e9 jsou nez\u00e1visl\u00ed odborn\u00edci z oblasti vysok\u00e9ho \u0161kolstv\u00ed a dal\u0161\u00edch relevantn\u00edch sektor\u016f. Prost\u0159ednictv\u00edm Rady NA\u00da posuzuje a rozhoduje o ud\u011blov\u00e1n\u00ed a odeb\u00edr\u00e1n\u00ed akreditac\u00ed, vyd\u00e1v\u00e1 stanoviska a stanovuje postupy pro hodnocen\u00ed kvality vysok\u00fdch \u0161kol a studijn\u00edch program\u016f. [&hellip;]<\/p>\n","protected":false},"author":1,"featured_media":0,"parent":0,"menu_order":0,"comment_status":"closed","ping_status":"closed","template":"","meta":{"_acf_changed":false,"_breakdance_hide_in_design_set":false,"_breakdance_tags":"","footnotes":""},"class_list":["post-100729","page","type-page","status-publish","hentry"],"acf":[],"yoast_head":"<!-- This site is optimized with the Yoast SEO plugin v26.3 - https:\/\/yoast.com\/wordpress\/plugins\/seo\/ -->\n<title>Organiza\u010dn\u00ed struktura - N\u00e1rodn\u00ed akredita\u010dn\u00ed \u00fa\u0159ad<\/title>\n<meta name=\"robots\" content=\"index, follow, max-snippet:-1, max-image-preview:large, max-video-preview:-1\" \/>\n<link rel=\"canonical\" href=\"https:\/\/www.nau.gov.cz\/organizacni-struktura\/\" \/>\n<meta property=\"og:locale\" content=\"cs_CZ\" \/>\n<meta property=\"og:type\" content=\"article\" \/>\n<meta property=\"og:title\" content=\"Organiza\u010dn\u00ed struktura - N\u00e1rodn\u00ed akredita\u010dn\u00ed \u00fa\u0159ad\" \/>\n<meta property=\"og:description\" content=\"Org\u00e1ny NA\u00da: Rada NA\u00da: Rada N\u00e1rodn\u00edho akredita\u010dn\u00edho \u00fa\u0159adu (NA\u00da) je v\u00fdkonn\u00fd org\u00e1n slo\u017een\u00fd z 15 \u010dlen\u016f jmenovan\u00fdch vl\u00e1dou. Tito \u010dlenov\u00e9 jsou nez\u00e1visl\u00ed odborn\u00edci z oblasti vysok\u00e9ho \u0161kolstv\u00ed a dal\u0161\u00edch relevantn\u00edch sektor\u016f. Prost\u0159ednictv\u00edm Rady NA\u00da posuzuje a rozhoduje o ud\u011blov\u00e1n\u00ed a odeb\u00edr\u00e1n\u00ed akreditac\u00ed, vyd\u00e1v\u00e1 stanoviska a stanovuje postupy pro hodnocen\u00ed kvality vysok\u00fdch \u0161kol a studijn\u00edch program\u016f. [&hellip;]\" \/>\n<meta property=\"og:url\" content=\"https:\/\/www.nau.gov.cz\/organizacni-struktura\/\" \/>\n<meta property=\"og:site_name\" content=\"N\u00e1rodn\u00ed akredita\u010dn\u00ed \u00fa\u0159ad\" \/>\n<meta property=\"article:modified_time\" content=\"2025-11-27T17:07:55+00:00\" \/>\n<meta name=\"twitter:card\" content=\"summary_large_image\" \/>\n<meta name=\"twitter:label1\" content=\"Odhadovan\u00e1 doba \u010dten\u00ed\" \/>\n\t<meta name=\"twitter:data1\" content=\"2 minuty\" \/>\n<script type=\"application\/ld+json\" class=\"yoast-schema-graph\">{\"@context\":\"https:\/\/schema.org\",\"@graph\":[{\"@type\":\"WebPage\",\"@id\":\"https:\/\/www.nau.gov.cz\/organizacni-struktura\/\",\"url\":\"https:\/\/www.nau.gov.cz\/organizacni-struktura\/\",\"name\":\"Organiza\u010dn\u00ed struktura - N\u00e1rodn\u00ed akredita\u010dn\u00ed \u00fa\u0159ad\",\"isPartOf\":{\"@id\":\"https:\/\/www.nau.gov.cz\/#website\"},\"datePublished\":\"2025-11-23T17:37:45+00:00\",\"dateModified\":\"2025-11-27T17:07:55+00:00\",\"breadcrumb\":{\"@id\":\"https:\/\/www.nau.gov.cz\/organizacni-struktura\/#breadcrumb\"},\"inLanguage\":\"cs\",\"potentialAction\":[{\"@type\":\"ReadAction\",\"target\":[\"https:\/\/www.nau.gov.cz\/organizacni-struktura\/\"]}]},{\"@type\":\"BreadcrumbList\",\"@id\":\"https:\/\/www.nau.gov.cz\/organizacni-struktura\/#breadcrumb\",\"itemListElement\":[{\"@type\":\"ListItem\",\"position\":1,\"name\":\"Dom\u016f\",\"item\":\"https:\/\/www.nau.gov.cz\/\"},{\"@type\":\"ListItem\",\"position\":2,\"name\":\"Organiza\u010dn\u00ed struktura\"}]},{\"@type\":\"WebSite\",\"@id\":\"https:\/\/www.nau.gov.cz\/#website\",\"url\":\"https:\/\/www.nau.gov.cz\/\",\"name\":\"N\u00e1rodn\u00ed akredita\u010dn\u00ed \u00fa\u0159ad\",\"description\":\"N\u00e1rodn\u00ed akredita\u010dn\u00ed \u00fa\u0159ad pro vysok\u00e9 \u0161kolstv\u00ed\",\"potentialAction\":[{\"@type\":\"SearchAction\",\"target\":{\"@type\":\"EntryPoint\",\"urlTemplate\":\"https:\/\/www.nau.gov.cz\/?s={search_term_string}\"},\"query-input\":{\"@type\":\"PropertyValueSpecification\",\"valueRequired\":true,\"valueName\":\"search_term_string\"}}],\"inLanguage\":\"cs\"}]}<\/script>\n<!-- \/ Yoast SEO plugin. -->","yoast_head_json":{"title":"Organiza\u010dn\u00ed struktura - N\u00e1rodn\u00ed akredita\u010dn\u00ed \u00fa\u0159ad","robots":{"index":"index","follow":"follow","max-snippet":"max-snippet:-1","max-image-preview":"max-image-preview:large","max-video-preview":"max-video-preview:-1"},"canonical":"https:\/\/www.nau.gov.cz\/organizacni-struktura\/","og_locale":"cs_CZ","og_type":"article","og_title":"Organiza\u010dn\u00ed struktura - N\u00e1rodn\u00ed akredita\u010dn\u00ed \u00fa\u0159ad","og_description":"Org\u00e1ny NA\u00da: Rada NA\u00da: Rada N\u00e1rodn\u00edho akredita\u010dn\u00edho \u00fa\u0159adu (NA\u00da) je v\u00fdkonn\u00fd org\u00e1n slo\u017een\u00fd z 15 \u010dlen\u016f jmenovan\u00fdch vl\u00e1dou. Tito \u010dlenov\u00e9 jsou nez\u00e1visl\u00ed odborn\u00edci z oblasti vysok\u00e9ho \u0161kolstv\u00ed a dal\u0161\u00edch relevantn\u00edch sektor\u016f. Prost\u0159ednictv\u00edm Rady NA\u00da posuzuje a rozhoduje o ud\u011blov\u00e1n\u00ed a odeb\u00edr\u00e1n\u00ed akreditac\u00ed, vyd\u00e1v\u00e1 stanoviska a stanovuje postupy pro hodnocen\u00ed kvality vysok\u00fdch \u0161kol a studijn\u00edch program\u016f. [&hellip;]","og_url":"https:\/\/www.nau.gov.cz\/organizacni-struktura\/","og_site_name":"N\u00e1rodn\u00ed akredita\u010dn\u00ed \u00fa\u0159ad","article_modified_time":"2025-11-27T17:07:55+00:00","twitter_card":"summary_large_image","twitter_misc":{"Odhadovan\u00e1 doba \u010dten\u00ed":"2 minuty"},"schema":{"@context":"https:\/\/schema.org","@graph":[{"@type":"WebPage","@id":"https:\/\/www.nau.gov.cz\/organizacni-struktura\/","url":"https:\/\/www.nau.gov.cz\/organizacni-struktura\/","name":"Organiza\u010dn\u00ed struktura - N\u00e1rodn\u00ed akredita\u010dn\u00ed \u00fa\u0159ad","isPartOf":{"@id":"https:\/\/www.nau.gov.cz\/#website"},"datePublished":"2025-11-23T17:37:45+00:00","dateModified":"2025-11-27T17:07:55+00:00","breadcrumb":{"@id":"https:\/\/www.nau.gov.cz\/organizacni-struktura\/#breadcrumb"},"inLanguage":"cs","potentialAction":[{"@type":"ReadAction","target":["https:\/\/www.nau.gov.cz\/organizacni-struktura\/"]}]},{"@type":"BreadcrumbList","@id":"https:\/\/www.nau.gov.cz\/organizacni-struktura\/#breadcrumb","itemListElement":[{"@type":"ListItem","position":1,"name":"Dom\u016f","item":"https:\/\/www.nau.gov.cz\/"},{"@type":"ListItem","position":2,"name":"Organiza\u010dn\u00ed struktura"}]},{"@type":"WebSite","@id":"https:\/\/www.nau.gov.cz\/#website","url":"https:\/\/www.nau.gov.cz\/","name":"N\u00e1rodn\u00ed akredita\u010dn\u00ed \u00fa\u0159ad","description":"N\u00e1rodn\u00ed akredita\u010dn\u00ed \u00fa\u0159ad pro vysok\u00e9 \u0161kolstv\u00ed","potentialAction":[{"@type":"SearchAction","target":{"@type":"EntryPoint","urlTemplate":"https:\/\/www.nau.gov.cz\/?s={search_term_string}"},"query-input":{"@type":"PropertyValueSpecification","valueRequired":true,"valueName":"search_term_string"}}],"inLanguage":"cs"}]}},"_links":{"self":[{"href":"https:\/\/www.nau.gov.cz\/wp-json\/wp\/v2\/pages\/100729","targetHints":{"allow":["GET"]}}],"collection":[{"href":"https:\/\/www.nau.gov.cz\/wp-json\/wp\/v2\/pages"}],"about":[{"href":"https:\/\/www.nau.gov.cz\/wp-json\/wp\/v2\/types\/page"}],"author":[{"embeddable":true,"href":"https:\/\/www.nau.gov.cz\/wp-json\/wp\/v2\/users\/1"}],"replies":[{"embeddable":true,"href":"https:\/\/www.nau.gov.cz\/wp-json\/wp\/v2\/comments?post=100729"}],"version-history":[{"count":6,"href":"https:\/\/www.nau.gov.cz\/wp-json\/wp\/v2\/pages\/100729\/revisions"}],"predecessor-version":[{"id":101610,"href":"https:\/\/www.nau.gov.cz\/wp-json\/wp\/v2\/pages\/100729\/revisions\/101610"}],"wp:attachment":[{"href":"https:\/\/www.nau.gov.cz\/wp-json\/wp\/v2\/media?parent=100729"}],"curies":[{"name":"wp","href":"https:\/\/api.w.org\/{rel}","templated":true}]}}