{"id":101796,"date":"2026-02-04T04:35:00","date_gmt":"2026-02-04T03:35:00","guid":{"rendered":"https:\/\/www.nau.gov.cz\/?page_id=101796"},"modified":"2026-02-04T04:35:01","modified_gmt":"2026-02-04T03:35:01","slug":"informace-o-ochrane-osobnich-udaju","status":"publish","type":"page","link":"https:\/\/www.nau.gov.cz\/uredni-deska\/informace-o-ochrane-osobnich-udaju\/","title":{"rendered":"Informace o ochran\u011b osobn\u00edch \u00fadaj\u016f"},"content":{"rendered":"\n<p><a href=\"https:\/\/www.nauvs.cz\/index.php\/cs\/uredni-deska\/147-informace-o-ochrane-osobnich-udaju#\"><\/a>N\u00e1rodn\u00ed akredita\u010dn\u00ed \u00fa\u0159ad pro terci\u00e1rn\u00ed vzd\u011bl\u00e1v\u00e1n\u00ed (d\u00e1le jen \u201eAkredita\u010dn\u00ed \u00fa\u0159ad\u201c) se s\u00eddlem U Lu\u017eick\u00e9ho semin\u00e1\u0159e 13, 118 00 Praha 1, jako\u017eto spr\u00e1vce a zpracovatel osobn\u00edch \u00fadaj\u016f nakl\u00e1d\u00e1 s osobn\u00edmi \u00fadaji osob zabezpe\u010duj\u00edc\u00edch vzd\u011bl\u00e1vac\u00ed a tv\u016fr\u010d\u00ed \u010dinnost na vysok\u00fdch \u0161kol\u00e1ch, vy\u0161\u0161\u00edch odborn\u00fdch \u0161kol\u00e1ch a dal\u0161\u00edch subjektech za \u00fa\u010delem spln\u011bn\u00ed pr\u00e1vn\u00ed povinnosti stanoven\u00e9 v \u00a7 83 odst. 2 z\u00e1kona \u010d. 111\/1998 Sb., o vysok\u00fdch \u0161kol\u00e1ch a zm\u011bn\u011b n\u011bkter\u00fdch z\u00e1kon\u016f, ve zn\u011bn\u00ed pozd\u011bj\u0161\u00edch p\u0159edpis\u016f (z\u00e1kon o vysok\u00fdch \u0161kol\u00e1ch) a v \u00a7 104 odst. 1 z\u00e1kona \u010d. 561\/2004 Sb., o p\u0159ed\u0161koln\u00edm, z\u00e1kladn\u00edm, st\u0159edn\u00edm, vy\u0161\u0161\u00edm odborn\u00e9m a jin\u00e9m vzd\u011bl\u00e1v\u00e1n\u00ed, ve zn\u011bn\u00ed pozd\u011bj\u0161\u00edch p\u0159edpis\u016f (\u0161kolsk\u00fd z\u00e1kon) a v\u00fdkonu ve\u0159ejn\u00e9 moci, kter\u00fdm ho pov\u011b\u0159uje ustanoven\u00ed \u00a7 83 odst. 2 z\u00e1kon o vysok\u00fdch \u0161kol\u00e1ch a \u00a7 104 odst. 1 \u0161kolsk\u00e9ho z\u00e1kona. Zdrojem dot\u010den\u00fdch osobn\u00edch \u00fadaj\u016f, kter\u00e9 jsou \u00fadaji z\u00e1kladn\u00edmi a popisn\u00fdmi, jsou vysok\u00e9 \u0161koly, vy\u0161\u0161\u00ed odborn\u00e9 \u0161koly, Ministerstvo \u0161kolstv\u00ed, ml\u00e1de\u017ee a t\u011blov\u00fdchovy \u010cR, dal\u0161\u00ed subjekty a ve\u0159ejn\u011b dostupn\u00e9 zdroje. Z\u00e1konn\u00fdm d\u016fvodem pro zpracov\u00e1n\u00ed osobn\u00edch \u00fadaj\u016f je pln\u011bn\u00ed smluvn\u00ed povinnosti, pr\u00e1vn\u00ed povinnosti, zpracov\u00e1n\u00ed je nezbytn\u00e9 pro pln\u011bn\u00ed ve\u0159ejn\u00e9ho z\u00e1jmu nebo p\u0159i v\u00fdkonu ve\u0159ejn\u00e9 moci, kter\u00fdm je spr\u00e1vce pov\u011b\u0159en, p\u0159\u00edpadn\u011b je nezbytn\u00e9 pro \u00fa\u010dely opr\u00e1vn\u011bn\u00fdch z\u00e1jm\u016f spr\u00e1vce nebo t\u0159et\u00ed strany podle \u010dl. 6 odst. 1 obecn\u00e9ho na\u0159\u00edzen\u00ed (EU) 2016\/679 o ochran\u011b osobn\u00edch \u00fadaj\u016f. Osobn\u00ed \u00fadaje budou ulo\u017eeny po dobu nezbytnou k pln\u011bn\u00ed pr\u00e1vn\u00ed povinnosti a v\u00fdkonu ve\u0159ejn\u00e9 moci Akredita\u010dn\u00edho \u00fa\u0159adu dle ustanoven\u00ed \u00a7 83 odst. 2 z\u00e1kon o vysok\u00fdch \u0161kol\u00e1ch a \u00a7 104 odst. 1 \u0161kolsk\u00e9ho z\u00e1kona..<\/p>\n\n\n\n<p><strong>Na Akredita\u010dn\u00ed \u00fa\u0159ad je mo\u017en\u00e9 se k uplatn\u011bn\u00ed pr\u00e1v v oblasti osobn\u00edch \u00fadaj\u016f obracet prost\u0159ednictv\u00edm datov\u00e9 schr\u00e1nky, ID DS k9z3e3y, e-mailem na adrese\u00a0<a href=\"mailto:posta@nau.gov.cz\">posta@nau.gov.cz<\/a>\u00a0nebo po\u0161tou na adrese N\u00e1rodn\u00ed akredita\u010dn\u00ed \u00fa\u0159ad pro terci\u00e1rn\u00ed vzd\u011bl\u00e1v\u00e1n\u00ed, U Lu\u017eick\u00e9ho semin\u00e1\u0159e 13, 118 00 Praha 1.<\/strong>\u00a0V\u00fd\u0161e uveden\u00fdmi zp\u016fsoby je mo\u017en\u00e9 se v relevantn\u00edch p\u0159\u00edpadech na Akredita\u010dn\u00ed \u00fa\u0159ad obracet za \u00fa\u010delem uplatn\u011bn\u00ed pr\u00e1va na p\u0159\u00edstup k osobn\u00edm \u00fadaj\u016fm, jejich opravu, vzn\u00e9st n\u00e1mitku proti zpracov\u00e1n\u00ed, jako\u017e i p\u0159i uplatn\u011bn\u00ed pr\u00e1va na p\u0159enositelnost \u00fadaj\u016f a dal\u0161\u00edch pr\u00e1v podle obecn\u00e9ho na\u0159\u00edzen\u00ed o ochran\u011b osobn\u00edch \u00fadaj\u016f.<\/p>\n\n\n\n<p>Pov\u011b\u0159encem pro ochranu osobn\u00edch \u00fadaj\u016f je Mgr. Mark\u00e9ta Gotschalkov\u00e1, e-mail:&nbsp;<a href=\"mailto:marketa.gotschalkova@msmt.gov.cz\">marketa.gotschalkova@msmt.gov.cz<\/a>.<\/p>\n","protected":false},"excerpt":{"rendered":"<p>N\u00e1rodn\u00ed akredita\u010dn\u00ed \u00fa\u0159ad pro terci\u00e1rn\u00ed vzd\u011bl\u00e1v\u00e1n\u00ed (d\u00e1le jen \u201eAkredita\u010dn\u00ed \u00fa\u0159ad\u201c) se s\u00eddlem U Lu\u017eick\u00e9ho semin\u00e1\u0159e 13, 118 00 Praha 1, jako\u017eto spr\u00e1vce a zpracovatel osobn\u00edch \u00fadaj\u016f nakl\u00e1d\u00e1 s osobn\u00edmi \u00fadaji osob zabezpe\u010duj\u00edc\u00edch vzd\u011bl\u00e1vac\u00ed a tv\u016fr\u010d\u00ed \u010dinnost na vysok\u00fdch \u0161kol\u00e1ch, vy\u0161\u0161\u00edch odborn\u00fdch \u0161kol\u00e1ch a dal\u0161\u00edch subjektech za \u00fa\u010delem spln\u011bn\u00ed pr\u00e1vn\u00ed povinnosti stanoven\u00e9 v \u00a7 83 odst. [&hellip;]<\/p>\n","protected":false},"author":1,"featured_media":0,"parent":101766,"menu_order":0,"comment_status":"closed","ping_status":"closed","template":"","meta":{"_acf_changed":false,"_breakdance_hide_in_design_set":false,"_breakdance_tags":"","footnotes":""},"class_list":["post-101796","page","type-page","status-publish","hentry"],"acf":[],"yoast_head":"<!-- This site is optimized with the Yoast SEO plugin v26.3 - https:\/\/yoast.com\/wordpress\/plugins\/seo\/ -->\n<title>Informace o ochran\u011b osobn\u00edch \u00fadaj\u016f - N\u00e1rodn\u00ed akredita\u010dn\u00ed \u00fa\u0159ad<\/title>\n<meta name=\"robots\" content=\"index, follow, max-snippet:-1, max-image-preview:large, max-video-preview:-1\" \/>\n<link rel=\"canonical\" href=\"https:\/\/www.nau.gov.cz\/uredni-deska\/informace-o-ochrane-osobnich-udaju\/\" \/>\n<meta property=\"og:locale\" content=\"cs_CZ\" \/>\n<meta property=\"og:type\" content=\"article\" \/>\n<meta property=\"og:title\" content=\"Informace o ochran\u011b osobn\u00edch \u00fadaj\u016f - N\u00e1rodn\u00ed akredita\u010dn\u00ed \u00fa\u0159ad\" \/>\n<meta property=\"og:description\" content=\"N\u00e1rodn\u00ed akredita\u010dn\u00ed \u00fa\u0159ad pro terci\u00e1rn\u00ed vzd\u011bl\u00e1v\u00e1n\u00ed (d\u00e1le jen \u201eAkredita\u010dn\u00ed \u00fa\u0159ad\u201c) se s\u00eddlem U Lu\u017eick\u00e9ho semin\u00e1\u0159e 13, 118 00 Praha 1, jako\u017eto spr\u00e1vce a zpracovatel osobn\u00edch \u00fadaj\u016f nakl\u00e1d\u00e1 s osobn\u00edmi \u00fadaji osob zabezpe\u010duj\u00edc\u00edch vzd\u011bl\u00e1vac\u00ed a tv\u016fr\u010d\u00ed \u010dinnost na vysok\u00fdch \u0161kol\u00e1ch, vy\u0161\u0161\u00edch odborn\u00fdch \u0161kol\u00e1ch a dal\u0161\u00edch subjektech za \u00fa\u010delem spln\u011bn\u00ed pr\u00e1vn\u00ed povinnosti stanoven\u00e9 v \u00a7 83 odst. [&hellip;]\" \/>\n<meta property=\"og:url\" content=\"https:\/\/www.nau.gov.cz\/uredni-deska\/informace-o-ochrane-osobnich-udaju\/\" \/>\n<meta property=\"og:site_name\" content=\"N\u00e1rodn\u00ed akredita\u010dn\u00ed \u00fa\u0159ad\" \/>\n<meta property=\"article:modified_time\" content=\"2026-02-04T03:35:01+00:00\" \/>\n<meta name=\"twitter:card\" content=\"summary_large_image\" \/>\n<meta name=\"twitter:label1\" content=\"Odhadovan\u00e1 doba \u010dten\u00ed\" \/>\n\t<meta name=\"twitter:data1\" content=\"2 minuty\" \/>\n<script type=\"application\/ld+json\" class=\"yoast-schema-graph\">{\"@context\":\"https:\/\/schema.org\",\"@graph\":[{\"@type\":\"WebPage\",\"@id\":\"https:\/\/www.nau.gov.cz\/uredni-deska\/informace-o-ochrane-osobnich-udaju\/\",\"url\":\"https:\/\/www.nau.gov.cz\/uredni-deska\/informace-o-ochrane-osobnich-udaju\/\",\"name\":\"Informace o ochran\u011b osobn\u00edch \u00fadaj\u016f - N\u00e1rodn\u00ed akredita\u010dn\u00ed \u00fa\u0159ad\",\"isPartOf\":{\"@id\":\"https:\/\/www.nau.gov.cz\/#website\"},\"datePublished\":\"2026-02-04T03:35:00+00:00\",\"dateModified\":\"2026-02-04T03:35:01+00:00\",\"breadcrumb\":{\"@id\":\"https:\/\/www.nau.gov.cz\/uredni-deska\/informace-o-ochrane-osobnich-udaju\/#breadcrumb\"},\"inLanguage\":\"cs\",\"potentialAction\":[{\"@type\":\"ReadAction\",\"target\":[\"https:\/\/www.nau.gov.cz\/uredni-deska\/informace-o-ochrane-osobnich-udaju\/\"]}]},{\"@type\":\"BreadcrumbList\",\"@id\":\"https:\/\/www.nau.gov.cz\/uredni-deska\/informace-o-ochrane-osobnich-udaju\/#breadcrumb\",\"itemListElement\":[{\"@type\":\"ListItem\",\"position\":1,\"name\":\"Dom\u016f\",\"item\":\"https:\/\/www.nau.gov.cz\/\"},{\"@type\":\"ListItem\",\"position\":2,\"name\":\"\u00da\u0159edn\u00ed deska\",\"item\":\"https:\/\/www.nau.gov.cz\/uredni-deska\/\"},{\"@type\":\"ListItem\",\"position\":3,\"name\":\"Informace o ochran\u011b osobn\u00edch \u00fadaj\u016f\"}]},{\"@type\":\"WebSite\",\"@id\":\"https:\/\/www.nau.gov.cz\/#website\",\"url\":\"https:\/\/www.nau.gov.cz\/\",\"name\":\"N\u00e1rodn\u00ed akredita\u010dn\u00ed \u00fa\u0159ad\",\"description\":\"N\u00e1rodn\u00ed akredita\u010dn\u00ed \u00fa\u0159ad pro vysok\u00e9 \u0161kolstv\u00ed\",\"potentialAction\":[{\"@type\":\"SearchAction\",\"target\":{\"@type\":\"EntryPoint\",\"urlTemplate\":\"https:\/\/www.nau.gov.cz\/?s={search_term_string}\"},\"query-input\":{\"@type\":\"PropertyValueSpecification\",\"valueRequired\":true,\"valueName\":\"search_term_string\"}}],\"inLanguage\":\"cs\"}]}<\/script>\n<!-- \/ Yoast SEO plugin. -->","yoast_head_json":{"title":"Informace o ochran\u011b osobn\u00edch \u00fadaj\u016f - N\u00e1rodn\u00ed akredita\u010dn\u00ed \u00fa\u0159ad","robots":{"index":"index","follow":"follow","max-snippet":"max-snippet:-1","max-image-preview":"max-image-preview:large","max-video-preview":"max-video-preview:-1"},"canonical":"https:\/\/www.nau.gov.cz\/uredni-deska\/informace-o-ochrane-osobnich-udaju\/","og_locale":"cs_CZ","og_type":"article","og_title":"Informace o ochran\u011b osobn\u00edch \u00fadaj\u016f - N\u00e1rodn\u00ed akredita\u010dn\u00ed \u00fa\u0159ad","og_description":"N\u00e1rodn\u00ed akredita\u010dn\u00ed \u00fa\u0159ad pro terci\u00e1rn\u00ed vzd\u011bl\u00e1v\u00e1n\u00ed (d\u00e1le jen \u201eAkredita\u010dn\u00ed \u00fa\u0159ad\u201c) se s\u00eddlem U Lu\u017eick\u00e9ho semin\u00e1\u0159e 13, 118 00 Praha 1, jako\u017eto spr\u00e1vce a zpracovatel osobn\u00edch \u00fadaj\u016f nakl\u00e1d\u00e1 s osobn\u00edmi \u00fadaji osob zabezpe\u010duj\u00edc\u00edch vzd\u011bl\u00e1vac\u00ed a tv\u016fr\u010d\u00ed \u010dinnost na vysok\u00fdch \u0161kol\u00e1ch, vy\u0161\u0161\u00edch odborn\u00fdch \u0161kol\u00e1ch a dal\u0161\u00edch subjektech za \u00fa\u010delem spln\u011bn\u00ed pr\u00e1vn\u00ed povinnosti stanoven\u00e9 v \u00a7 83 odst. [&hellip;]","og_url":"https:\/\/www.nau.gov.cz\/uredni-deska\/informace-o-ochrane-osobnich-udaju\/","og_site_name":"N\u00e1rodn\u00ed akredita\u010dn\u00ed \u00fa\u0159ad","article_modified_time":"2026-02-04T03:35:01+00:00","twitter_card":"summary_large_image","twitter_misc":{"Odhadovan\u00e1 doba \u010dten\u00ed":"2 minuty"},"schema":{"@context":"https:\/\/schema.org","@graph":[{"@type":"WebPage","@id":"https:\/\/www.nau.gov.cz\/uredni-deska\/informace-o-ochrane-osobnich-udaju\/","url":"https:\/\/www.nau.gov.cz\/uredni-deska\/informace-o-ochrane-osobnich-udaju\/","name":"Informace o ochran\u011b osobn\u00edch \u00fadaj\u016f - N\u00e1rodn\u00ed akredita\u010dn\u00ed \u00fa\u0159ad","isPartOf":{"@id":"https:\/\/www.nau.gov.cz\/#website"},"datePublished":"2026-02-04T03:35:00+00:00","dateModified":"2026-02-04T03:35:01+00:00","breadcrumb":{"@id":"https:\/\/www.nau.gov.cz\/uredni-deska\/informace-o-ochrane-osobnich-udaju\/#breadcrumb"},"inLanguage":"cs","potentialAction":[{"@type":"ReadAction","target":["https:\/\/www.nau.gov.cz\/uredni-deska\/informace-o-ochrane-osobnich-udaju\/"]}]},{"@type":"BreadcrumbList","@id":"https:\/\/www.nau.gov.cz\/uredni-deska\/informace-o-ochrane-osobnich-udaju\/#breadcrumb","itemListElement":[{"@type":"ListItem","position":1,"name":"Dom\u016f","item":"https:\/\/www.nau.gov.cz\/"},{"@type":"ListItem","position":2,"name":"\u00da\u0159edn\u00ed deska","item":"https:\/\/www.nau.gov.cz\/uredni-deska\/"},{"@type":"ListItem","position":3,"name":"Informace o ochran\u011b osobn\u00edch \u00fadaj\u016f"}]},{"@type":"WebSite","@id":"https:\/\/www.nau.gov.cz\/#website","url":"https:\/\/www.nau.gov.cz\/","name":"N\u00e1rodn\u00ed akredita\u010dn\u00ed \u00fa\u0159ad","description":"N\u00e1rodn\u00ed akredita\u010dn\u00ed \u00fa\u0159ad pro vysok\u00e9 \u0161kolstv\u00ed","potentialAction":[{"@type":"SearchAction","target":{"@type":"EntryPoint","urlTemplate":"https:\/\/www.nau.gov.cz\/?s={search_term_string}"},"query-input":{"@type":"PropertyValueSpecification","valueRequired":true,"valueName":"search_term_string"}}],"inLanguage":"cs"}]}},"_links":{"self":[{"href":"https:\/\/www.nau.gov.cz\/wp-json\/wp\/v2\/pages\/101796","targetHints":{"allow":["GET"]}}],"collection":[{"href":"https:\/\/www.nau.gov.cz\/wp-json\/wp\/v2\/pages"}],"about":[{"href":"https:\/\/www.nau.gov.cz\/wp-json\/wp\/v2\/types\/page"}],"author":[{"embeddable":true,"href":"https:\/\/www.nau.gov.cz\/wp-json\/wp\/v2\/users\/1"}],"replies":[{"embeddable":true,"href":"https:\/\/www.nau.gov.cz\/wp-json\/wp\/v2\/comments?post=101796"}],"version-history":[{"count":1,"href":"https:\/\/www.nau.gov.cz\/wp-json\/wp\/v2\/pages\/101796\/revisions"}],"predecessor-version":[{"id":101797,"href":"https:\/\/www.nau.gov.cz\/wp-json\/wp\/v2\/pages\/101796\/revisions\/101797"}],"up":[{"embeddable":true,"href":"https:\/\/www.nau.gov.cz\/wp-json\/wp\/v2\/pages\/101766"}],"wp:attachment":[{"href":"https:\/\/www.nau.gov.cz\/wp-json\/wp\/v2\/media?parent=101796"}],"curies":[{"name":"wp","href":"https:\/\/api.w.org\/{rel}","templated":true}]}}